 the greatest common divisor of 22305324 and 2943?
327
What is the highest common factor of 458640 and 931?
49
What is the greatest common factor of 83226770 and 330?
110
Calculate the greatest common divisor of 11052713 and 2506.
1253
What is the greatest common factor of 540080 and 78045?
215
Calculate the greatest common factor of 16 and 94228568.
8
Calculate the highest common divisor of 1404 and 3475251.
351
Calculate the highest common divisor of 45206780 and 30125.
1205
Calculate the greatest common divisor of 1144 and 25012416.
1144
Calculate the highest common divisor of 47770984 and 1310.
262
What is the highest common factor of 183519 and 14679?
63
Calculate the greatest common divisor of 97440 and 1117515.
3045
What is the highest common divisor of 288 and 16199856?
144
What is the greatest common factor of 22 and 230819820?
22
Calculate the greatest common divisor of 88 and 1110021.
11
Calculate the highest common divisor of 6479 and 8340519.
341
Calculate the highest common factor of 134453312 and 5824.
448
What is the highest common divisor of 53956821 and 6?
3
What is the greatest common factor of 2560243 and 14?
7
Calculate the greatest common factor of 91119 and 4242.
21
Calculate the greatest common divisor of 6642308 and 7820.
1564
What is the greatest common factor of 71318713 and 6455?
1291
What is the highest common divisor of 2577 and 147054?
3
Calculate the highest common factor of 55141030 and 595.
595
Calculate the greatest common divisor of 320 and 49717280.
160
Calculate the highest common divisor of 73952 and 119456.
32
What is the highest common factor of 393 and 293575716?
393
What is the greatest common divisor of 70280 and 480?
40
Calculate the greatest common factor of 179713056 and 1593.
177
Calculate the greatest common divisor of 6 and 11451486.
6
Calculate the highest common factor of 253 and 15711047.
253
Calculate the greatest common divisor of 23582 and 284869.
13
What is the highest common factor of 164 and 7182626?
82
Calculate the highest common factor of 244514514 and 498.
498
What is the greatest common divisor of 48072 and 126255099?
6009
What is the greatest common factor of 16520250 and 750?
750
Calculate the highest common factor of 121 and 2006488.
11
Calculate the highest common divisor of 276501 and 19092.
111
What is the highest common divisor of 56585160 and 16?
8
What is the highest common factor of 195 and 74588982?
39
What is the highest common divisor of 661349 and 7?
1
What is the highest common factor of 22545 and 12528?
27
What is the highest common divisor of 21666 and 5106?
138
Calculate the highest common divisor of 92526 and 195587.
7
What is the highest common factor of 80 and 32338576?
16
Calculate the highest common factor of 25962075 and 513.
171
Calculate the highest common factor of 1794294755 and 2365.
2365
Calculate the highest common divisor of 93 and 9536623.
31
Calculate the highest common divisor of 123888 and 27418224.
1392
Calculate the highest common divisor of 50 and 30659630.
10
Calculate the greatest common divisor of 11872 and 3516709.
371
Calculate the greatest common divisor of 292 and 194572.
4
Calculate the highest common factor of 5129 and 191291.
23
Calculate the greatest common factor of 97 and 78280358.
97
What is the highest common factor of 1126962 and 7227?
9
What is the highest common divisor of 861136 and 29174?
1006
What is the highest common divisor of 75 and 311838?
3
What is the greatest common divisor of 206794958 and 734?
734
Calculate the greatest common divisor of 2918 and 76432633.
1459
Calculate the greatest common factor of 13416570 and 22755.
555
Calculate the greatest common divisor of 60619 and 227470466.
4663
What is the highest common factor of 1496 and 620?
4
Calculate the greatest common divisor of 112 and 6560792.
56
What is the highest common factor of 963 and 515120791?
107
Calculate the highest common divisor of 152 and 160678972.
76
What is the greatest common factor of 4587141 and 39?
39
What is the highest common divisor of 3700 and 942316?
148
What is the highest common divisor of 389002 and 89914?
134
Calculate the greatest common divisor of 1634215 and 248760.
3455
What is the highest common divisor of 18647948 and 3157?
451
What is the highest common divisor of 13056 and 5950272?
3264
Calculate the greatest common factor of 918 and 3455097.
51
Calculate the highest common factor of 1814604 and 7139.
649
Calculate the greatest common divisor of 661650 and 1210.
110
Calculate the highest common factor of 140454 and 66.
6
What is the greatest common divisor of 11948 and 587924?
412
Calculate the highest common factor of 62544 and 1378574.
2606
Calculate the highest common divisor of 28568184 and 260639.
2687
Calculate the highest common divisor of 7248 and 25008.
48
What is the highest common factor of 27331948 and 929516?
10444
What is the greatest common divisor of 60670720 and 6672?
2224
What is the highest common divisor of 660 and 2162766?
6
Calculate the highest common divisor of 10201990 and 2485.
355
What is the highest common divisor of 32110 and 782990?
2470
What is the greatest common factor of 134167 and 29997?
11
What is the highest common divisor of 372 and 2769478?
62
What is the greatest common divisor of 395367 and 205973?
281
Calculate the greatest common factor of 6336 and 49656.
24
Calculate the highest common divisor of 26 and 1445590913.
13
Calculate the highest common factor of 72 and 34581348.
36
What is the greatest common divisor of 8289155 and 658?
329
What is the highest common factor of 54570 and 41088?
642
Calculate the highest common factor of 1974 and 1424948.
14
What is the greatest common factor of 111387 and 339019?
347
What is the highest common factor of 3006783 and 281031?
2487
Calculate the highest common factor of 32851 and 6310850.
1729
Calculate the greatest common divisor of 14895 and 2737035.
45
Calculate the greatest common divisor of 1809 and 253729.
67
What is the highest common divisor of 140280336 and 56?
56
Calculate the greatest common factor of 270 and 2568348.
54
What is the highest common factor of 29885 and 365715?
215
What is the greatest common factor of 2904 and 205128?
264
What is the highest common factor of 26 and 220920687?
13
What is the greatest common factor of 1278911084 and 11?
11
Calculate the highest common divisor of 1120 and 9898336.
224
Calculate the greatest common factor of 22068191 and 19613.
1783
What is the greatest common factor of 1640048 and 4608?
16
Calculate the greatest common divisor of 210203750 and 18750.
1250
Calculate the greatest common divisor of 112 and 411440.
16
What is the greatest common factor of 912510650 and 740?
370
Calculate the greatest common factor of 140 and 8231620.
20
What is the greatest common divisor of 163413 and 11630664?
603
Calculate the greatest common divisor of 25554809 and 7.
7
What is the greatest common divisor of 244537 and 12879789?
2521
What is the greatest common factor of 6410 and 30141102?
1282
Calculate the highest common factor of 101765312 and 198.
22
Calculate the highest common factor of 472736 and 82.
2
What is the highest common factor of 1811630 and 3480?
290
What is the greatest common factor of 36 and 98899904?
4
Calculate the greatest common divisor of 1161 and 173821824.
387
What is the greatest common divisor of 195 and 245353719?
39
Calculate the highest common factor of 4338 and 40783707.
2169
Calculate the highest common factor of 16171 and 98159.
103
What is the highest common divisor of 67984 and 387149456?
9712
Calculate the highest common divisor of 1 and 71896010.
1
What is the greatest common divisor of 44308998 and 432?
54
What is the highest common divisor of 2072004 and 90024?
1452
Calculate the greatest common factor of 884 and 51351645.
17
Calculate the highest common factor of 345685914 and 252.
126
Calculate the highest common factor of 5407 and 1410410543.
5407
Calculate the greatest common factor of 62044151 and 51350.
1027
What is the highest common factor of 906 and 76859302?
302
Calculate the greatest common factor of 44832 and 4632.
24
Calculate the greatest common divisor of 275622075 and 1900.
475
Calculate the greatest common divisor of 141516 and 1062.
18